remainder when h is divided by k(34)?
30
Suppose 892*u - 503961 + 1651 = 70354. What is the remainder when u is divided by 127?
7
Let x = 4895 + -4520. Calculate the remainder when 755 is divided by x.
5
Let n(x) = 151*x**2 + 2*x. Let f be n(-3). Suppose 0 = -16*s + 137 - 41. Suppose -5*i - s*i + f = 0. Calculate the remainder when i is divided by 31.
30
Let t = -388 - -1512. What is the remainder when t is divided by 15?
14
Let k = -358 + 360. Calculate the remainder when 386 is divided by (-9)/(-6)*k - (-6 - 6).
11
Suppose 35*w + 293 = 36*w - 3*u, 3*w + u - 859 = 0. Calculate the remainder when w is divided by 141.
5
Let h = 77 - 58. Suppose -3*v + 70 - h = 0. Calculate the remainder when 29 is divided by v.
12
Suppose 0 = 5*k + 5*a + 130, 10*a = -2*k + 11*a - 61. Let l(t) = 22*t - 1. Let r be l(2). Let b = r + k. What is the remainder when 41 is divided by b?
13
Suppose -3*p + 0*p - 6 = 3*t, t = p. What is the remainder when 30 is divided by 0 - (-9 + 8)/(p/(-11))?
8
Let n = 531 + -508. Suppose 2*f + 60 = 4*k, 2*k + 5*f - 24 = 3*f. What is the remainder when n is divided by k?
9
Suppose -4*z - 169 + 1097 = 0. Let u be 1*-1128*10/(-30). Suppose n = 9*n - u. Calculate the remainder when z is divided by n.
44
What is the remainder when 3220/30*(-48)/(-14) is divided by 172?
24
Suppose 0 = -a - 4*y - 300, 4*y - 640 = 2*a + 2*y. What is the remainder when a*(14/8 - 2) is divided by (-3 - (-63)/3) + -2?
15
Suppose -a + 52 + 17 = 0. Let g = -5495 - -5524. Calculate the remainder when a is divided by g.
11
Let y(z) = -126*z + 42. Calculate the remainder when 689 is divided by y(0).
17
Let f(z) = -z**2 - 3*z + 16. Let q be f(-7). Let v(s) = s**2 - 4*s - 88. Calculate the remainder when v(q) is divided by 37.
30
What is the remainder when 316 is divided by 0 + 75 + -4 + 9 + 3/3?
73
Let s(t) be the third derivative of t**5/20 + 4*t**4/3 + 115*t**3/6 - 91*t**2 + 2*t. Calculate the remainder when 105 is divided by s(-6).
12
Let k = 35370 + -35337. Calculate the remainder when 80 is divided by k.
14
Let h(k) = -355*k + 1431. Calculate the remainder when 41 is divided by h(4).
8
Let i be (-1712)/(-9) + (6/(-27) - 0). Let s = -175 + i. Calculate the remainder when 329 is divided by s.
14
Suppose -239*l + 7788 = -62*l. What is the remainder when 390 is divided by l?
38
Suppose -175 = -5*v - 2*y, 4*v = v + 4*y + 131. Let x be (-9 - -7)/(5/((-25)/2)). Suppose 1080 = x*r + 5*r. What is the remainder when r is divided by v?
34
Let x(w) = 2*w**2 - 46*w - 1241. What is the remainder when x(-18) is divided by 114?
7
Suppose -130*j = -100*j - 2444 + 764. What is the remainder when 278 is divided by j?
54
What is the remainder when 343 is divided by (0 - -1)/(30294/1593 + -19)?
48
Let c(v) be the third derivative of 41*v**6/60 + v**5/60 - v**4/12 + v**3/6 - 2*v**2. Let b = 301045 - 301028. What is the remainder when c(1) is divided by b?
14
Let r = 93177 - 93166. Calculate the remainder when ((-3 + 2)*-38)/2 is divided by r.
8
Suppose v = 8*v + 882. Calculate the remainder when 33 is divided by (v/28*4)/(-1 - 1).
6
Let j(a) = a**3 + 5*a**2 - 6*a - 12. Let p = -44 + 47. Calculate the remainder when (54 - p) + 0/(-4) is divided by j(-5).
15
What is the remainder when 235 is divided by (16 - 8 - -11) + 70?
57
Let f(w) = 4*w + 99. Let q be f(-23). Suppose 0 = 2*x + 5 - 27. What is the remainder when (q + -6 - -20)/1 is divided by x?
10
Let q = 12015 + -11890. What is the remainder when q is divided by 36?
17
Suppose 0 = h + 5*z + 8 - 5, 3*z - 95 = -5*h. Suppose -h = -2*x + 8. Calculate the remainder when x is divided by 4.
3
Let t(i) = -i**3 + 7*i**2 + 7*i + 8. Let r be t(8). Suppose r = -12*j + 15*j + 51. Let o = j + 39. What is the remainder when 39 is divided by o?
17
Let m(w) = -w**2 - 25*w + 27. Let v(l) = 4*l. Let u(c) = m(c) + 4*v(c). Calculate the remainder when 7 is divided by u(-11).
2
Suppose -11*g + 158 + 766 = 0. Suppose -10*z + 66 + g = 0. Calculate the remainder when 24 is divided by z.
9
Let x(o) = 163*o + 1. Let q be x(1). Suppose 3*z - q = -0*l + 2*l, -3*z = 0. Let b = l + 152. What is the remainder when b is divided by 24?
22
Let g(x) be the first derivative of -x**4/4 - x**3/3 + 2*x**2 + 50*x + 13. Calculate the remainder when g(0) is divided by 12.
2
Let l = -35489 - -35775. Calculate the remainder when l is divided by 36.
34
Let v = 16614 - 16492. What is the remainder when 187 is divided by v?
65
Let b(h) = 16*h + 3. Let c(z) = z**3 + 5*z**2 + 7*z + 4. Let s be c(-2). What is the remainder when 139 is divided by b(s)?
34
Suppose -6*m - 48 = -0*m. Calculate the remainder when ((-952)/21)/m - 1/(-3) is divided by 3.
0
Let s = 4030 + -3960. Calculate the remainder when s is divided by 60.
10
Suppose 12*f = 58*f - 1242. Calculate the remainder when 698 is divided by f.
23
Suppose 11 = v - 78. Let m be (4/(-6))/(3 - (-685)/(-225)). Suppose 0 = -19*c + m*c + 72. What is the remainder when v is divided by c?
17
Suppose 4 = -7*t + 74. Suppose -9*c + t*c = -s + 4, -5*c - 4 = -s. Calculate the remainder when 48 is divided by s.
0
Let p(n) be the third derivative of 61/120*n**6 + 0*n + 0 - 1/6*n**3 + 1/30*n**5 - 1/24*n**4 - 16*n**2. Calculate the remainder when p(1) is divided by 8.
5
Let k(g) = g**2 - 9*g + 17. Let o be k(7). Suppose -5*a = -o*i - i - 13, -5*i - a = 38. What is the remainder when 137 is divided by 9/(-6)*16/12*i?
11
Suppose 2*q - 389 = -4*s + 255, -q + 316 = -4*s. Suppose 0 = -3*n + f - 2*f + 162, 0 = n - f - 54. Calculate the remainder when q is divided by n.
50
Suppose 64 = -34*b - 72. Let q(k) = 3*k**2 - 7*k - 2. What is the remainder when q(6) is divided by b/10 - (-6984)/360?
7
Let b(n) = -4*n**2 - 27*n + 2. Let r be b(-7). Calculate the remainder when ((-6 - -2) + 9)/(r/(-165)) is divided by 28.
25
Suppose 32*f = 19*f + 24*f - 1837. Calculate the remainder when f is divided by 146.
21
Let t(s) = -s**3 - 23*s**2 - 104*s + 26. Calculate the remainder when t(-22) is divided by 48.
6
Let t(r) = -r**3 + 79*r**2 - 688*r - 57. Calculate the remainder when 226 is divided by t(69).
64
Let b(d) = -d**3 - 8*d**2 - 6*d + 1. Let m be b(-7). Let o(s) = s**2 - 29*s + 227. What is the remainder when (12/10)/(m/(-860)) is divided by o(18)?
27
Suppose -4*o = 4*m - 1043 - 2441, -o = 2*m - 867. Calculate the remainder when o is divided by 222.
209
Let b = 10050 - 9961. Calculate the remainder when 479 is divided by b.
34
What is the remainder when -1*(172 - -2)*(-4)/(0 - -2) is divided by 162?
24
Let h = -6125 + 6306. Calculate the remainder when 769 is divided by h.
45
Suppose -16*v + 50 = 2. Suppose 4*n = a - 6*a + 620, -v*n = 4*a - 466. Calculate the remainder when n is divided by 51.
48
What is the remainder when 1141 is divided by (10 + -41)*-27*(15/9)/5?
25
Let z(p) = 3010*p + 174. What is the remainder when z(2) is divided by 105?
104
Let f(a) be the second derivative of -a**5/20 - a**4/4 - 3*a**3/2 - 7*a**2 - 52*a. Calculate the remainder when f(-4) is divided by 10.
8
Suppose 3*n = -5*m - 4 + 2, m + 4*n = -14. Let i be (-9 - m - (0 + -4))/(-1). Suppose -1 = w - i. What is the remainder when 14 is divided by w?
2
Suppose 0 = r - 2 - 0. Suppose 3*a + r*a - 5*b - 25 = 0, -5*a + 49 = 3*b. Suppose 0 = -9*y + 4*y + 70. Calculate the remainder when y is divided by a.
6
Suppose -5 + 0 = -5*s, 0 = -4*x - 5*s - 11. Let h be (-92)/(-20) + x - 2193/5. What is the remainder when 67 is divided by h/(-26) - 2/(-13)?
16
Let l(v) = -2*v**3 + 6*v**2 + 15*v + 13. What is the remainder when 134 is divided by l(4)?
11
Let d(r) = -47*r**2 + 473*r + 42. Calculate the remainder when 11590 is divided by d(10).
70
Suppose 8 = c + 8. Suppose 16*j - j - 630 = c. What is the remainder when 75 is divided by j?
33
Suppose -3*w + 3574 = 5*g, w + 2 = 5. Suppose 0 = -4*h + 4*n + 448, -5*h - 123 + g = n. What is the remainder when 355 is divided by h?
4
Suppose 0 = -12*j + 79 + 101. Let m(w) = 2*w**3 + 11*w**2 + 6*w + 10. Let q be m(-5). What is the remainder when 37 is divided by 62/3 + q/j?
16
Suppose -1911 = -188*a + 183*a + 3*n, 1113 = 3*a + 3*n. What is the remainder when a is divided by 100?
78
Suppose -5*h - 20 = -0*h - 5*i, -12 = h - 5*i. Let q(f) = -f**3 + f**2 + 2*f + 8. Let v(t) = 6*t - 16. What is the remainder when v(9) is divided by q(h)?
6
Let f(r) = -r**2 - 6